is 655 + -11?
644
In base 14, what is 0 - -13?
13
In base 3, what is -11 + -1022010?
-1022021
In base 15, what is 5 - 166?
-161
In base 15, what is 191 - 5?
18b
In base 12, what is -1 - 4544?
-4545
In base 5, what is -14 + -2102?
-2121
In base 2, what is -10111011 - 1000?
-11000011
In base 3, what is 22 - 101012?
-100220
In base 4, what is 2021 + 33?
2120
In base 6, what is 10 + -5?
1
In base 5, what is 1 - 204?
-203
In base 11, what is a5 - 1?
a4
In base 10, what is -238 - -26?
-212
In base 8, what is -6167 - -3?
-6164
In base 14, what is -15 + 4?
-11
In base 11, what is 77 + 1a1?
268
In base 13, what is 0 - 2c?
-2c
In base 3, what is 1220221220 - 12?
1220221201
In base 4, what is -2 + 1102?
1100
In base 13, what is 1 + -384?
-383
In base 16, what is -c - 10f?
-11b
In base 13, what is c2 - 0?
c2
In base 8, what is 0 + 454?
454
In base 15, what is 5dc + 8?
5e5
In base 14, what is 4 - -124?
128
In base 9, what is -72 - -17?
-54
In base 2, what is -100000 + 11?
-11101
In base 14, what is 0 - 5a5?
-5a5
In base 4, what is 30132 + -30?
30102
In base 4, what is -1003213 - 0?
-1003213
In base 14, what is 14d + -23?
12a
In base 4, what is -101031 - -11?
-101020
In base 3, what is -2 + 211?
202
In base 13, what is 1 - -167?
168
In base 2, what is -1 - 10111?
-11000
In base 15, what is 4a + -3?
47
In base 10, what is 473 - -20?
493
In base 10, what is -2 + 5?
3
In base 15, what is 19c - 4?
198
In base 2, what is 1000 - -1011111?
1100111
In base 7, what is -3540 - 0?
-3540
In base 5, what is 20240 - -10?
20300
In base 15, what is 26 + -13?
13
In base 7, what is 21625 + 2?
21630
In base 6, what is 1 - 4112?
-4111
In base 15, what is -19 - 6?
-20
In base 2, what is 11000000 - 111?
10111001
In base 7, what is -46 - -66?
20
In base 7, what is -10 - 103?
-113
In base 9, what is -10 - 2?
-12
In base 8, what is -6 - -11?
3
In base 4, what is -1121 + 11?
-1110
In base 14, what is -3 - -a?
7
In base 3, what is 102000210 - -2?
102000212
In base 6, what is 4 + 1443?
1451
In base 14, what is 3 - -1b22?
1b25
In base 6, what is -11412 - -15?
-11353
In base 11, what is -3 + -3846?
-3849
In base 3, what is 1011111 - -11?
1011122
In base 5, what is -2424 + 20?
-2404
In base 15, what is 5 - 15?
-10
In base 16, what is 1 - 324?
-323
In base 6, what is -2 - -213?
211
In base 5, what is -10 + 12130?
12120
In base 15, what is -166 + 0?
-166
In base 14, what is -1 + 17?
16
In base 14, what is 35 - 204?
-1ad
In base 13, what is 1a02 + -4?
19cb
In base 9, what is -35 + 4?
-31
In base 8, what is -3 - -43?
40
In base 8, what is -2003 - 0?
-2003
In base 14, what is 3 + c7?
ca
In base 2, what is -100 + 11111?
11011
In base 5, what is 433 + 13?
1001
In base 4, what is 3221333 + 0?
3221333
In base 15, what is 2bd - -5?
2c3
In base 11, what is -5 + 35?
30
In base 4, what is -212 - -33?
-113
In base 11, what is 10 - 812?
-802
In base 2, what is 101010010 + -11100?
100110110
In base 15, what is 9b - 0?
9b
In base 7, what is -5 + 225?
220
In base 15, what is e7 - 2?
e5
In base 4, what is 0 + -1003?
-1003
In base 5, what is 21 - 20103?
-20032
In base 11, what is 1287 + -1?
1286
In base 12, what is -20 + -296?
-2b6
In base 9, what is -651 + 3?
-647
In base 10, what is 175 + 8?
183
In base 5, what is 1232 + 4?
1241
In base 10, what is 2 - 59?
-57
In base 15, what is 2538 - 0?
2538
In base 12, what is 0 - -543?
543
In base 13, what is -2 - -105c?
105a
In base 2, what is -101 - -1000101001111?
1000101001010
In base 2, what is 1011111 + 110?
1100101
In base 14, what is 12b + -4?
127
In base 6, what is -225 - 32?
-301
In base 3, what is -1121101 - 11?
-1121112
In base 6, what is 2 + -144?
-142
In base 12, what is -267 - -9?
-25a
In base 7, what is -564 - -4?
-560
In base 14, what is -4 - 206c?
-2072
In base 5, what is 2 + -241?
-234
In base 10, what is -4 + -2?
-6
In base 5, what is 3420 + -124?
3241
In base 11, what is -219 + 3?
-216
In base 12, what is -16 + -220?
-236
In base 3, what is 11 + -200101?
-200020
In base 10, what is 3843 - 2?
3841
In base 14, what is 16 + -4?
12
In base 10, what is -25 - -1?
-24
In base 10, what is 264 - -2?
266
In base 16, what is 8 - 3a8?
-3a0
In base 13, what is -5 + -119?
-121
In base 15, what is 2 + -24a?
-248
In base 16, what is -2 - -180c?
180a
In base 3, what is 120022 - -2?
120101
In base 13, what is -3 - -8?
5
In base 8, what is -4 + 15?
11
In base 8, what is -2 + 162?
160
In base 3, what is -11112 - -10010?
-1102
In base 7, what is 643 + -25?
615
In base 13, what is 4 - 45?
-41
In base 7, what is -21 - -13?
-5
In base 16, what is -2bac - -3?
-2ba9
In base 4, what is -133 - 2200?
-2333
In base 7, what is -2335 + 5?
-2330
In base 3, what is 211 - 1?
210
In base 16, what is 4 - -57c?
580
In base 13, what is 2 + 23?
25
In base 16, what is -5 - -16bf?
16ba
In base 8, what is 5 - -2727?
2734
In base 3, what is -1100112 - 1?
-1100120
In base 16, what is 1 + -6c8?
-6c7
In base 12, what is 12 + -16?
-4
In base 15, what is 67bc + 0?
67bc
In base 14, what is -5 - -bc?
b7
In base 16, what is 1 - 52?
-51
In base 15, what is 9e6 - 6?
9e0
In base 16, what is 4 + -82b?
-827
In base 7, what is -2 + -54?
-56
In base 8, what is 1 + -16?
-15
In base 9, what is -3 - -4861?
4857
In base 16, what is 2cf + 3?
2d2
In base 10, what is -1 - 253?
-254
In base 9, what is -18 + 74?
55
In base 5, what is 1201 + 3?
1204
In base 12, what is 36 + 4?
3a
In base 6, what is 1 - 44?
-43
In base 11, what is -4 - -81?
78
In base 16, what is -1 - -8?
7
In base 16, what is 5 + b2?
b7
In base 14, what is 149 - -2?
14b
In base 11, what is -5284 - -3?
-5281
In base 9, what is 24 + 23?
47
In base 5, what is 34 - -23?
112
In base 14, what is 3 - -75?
78
In base 3, what is 12 - 2000?
-1211
In base 15, what is -3 - -227?
224
In base 13, what is 8a - -2?
8c
In base 12, what is -6a5 - -4?
-6a1
In base 4, what is -2012 + -23?
-2101
In base 11, what is -4 + -259?
-262
In base 13, what is 1304 - -4?
1308
In base 15, what is 2 - 78?
-76
In base 2, what is 101 - 11101?
-11000
In base 4, what is 11230 + 113?
12003
In base 7, what is -14 - -6?
-5
In base 13, what is -13 + 1a?
7
In base 6, what is 1 + -41?
-40
In base 11, what is 32 - 16?
17
In base 2, what is 110010010001 - -100?
110010010101
In base 4, what is -10 + -2131?
-2201
In base 11, what is -54 + 34?
-20
In base 7, what is 130 - -3?
133
In base 11, what is 125 + -4?
121
In base 6, what is 421 + -22?
355
In base 2, what is -1 - -1001?
1000
In base 9, what is 512 + -73?
428
In base 16, what is -1 - 6f?
-70
In base 15, what is -153 - -1?
-152
In base 6, what is -5 + -24?
-33
In base 16, what is -4 + 81?
7d
In base 10, what is -243 - -4?
-239
In base 9, what is -182 + 4?
-177
In base 13, what is -15a + -1?
-15b
In base 15, what is 27 - 2?
25
In base 8, what is 3 + 423?
426
In base 7, what is 50 - -1430?
1510
In base 14, what is -d6 - -1?
-d5
In base 15, what is 11 - 55?
-44
In base 10, what is 1534 + -8?
1526
In base 5, what is 4004 + 3?
4012
In base 5, what is -10 + -34?
-44
In base 14, what is 91ab + -2?
91a9
In base 3, what is 12 + 20100010?
20100022
In base 8, what is 147 + 4?
153
In base 9, what is 15 + 1?
16
In base 4, what is 1131 + 11312?
13103
In base 12, what is -4 - -2b?
27
In base 9, what is -506 - -1?
-505
In base 13, what is 2 - 10?
-b
In base 6, what is -3 + -1241?
-1244
In base 6, what is 11 - 3303?
-3252
In base 5, what is 143322 - 4?
143313
In base 4, what is -13302 - -1?
-13301
In base 13, what is -a1 + -3?
-a4
In base 11, what is 38 + 4?
41
In base 10, what is -1441 - -2?
-1439
In base 9, what is 17 + 215?
233
In base 10, what is 1 - 4111?
-4110
In base 15, what is -2 + -14?
-16
In base 5, what is -2 + -12233?
-12240
In base 4, what is 1100 - 1230?
-130
In base 15, what is -9 - -7?
-2
In base 11, what is -122 - -4?
-119
In base 7, what is 1 - 11655?
-11654
In base 4, what is -123 - -11?
-112
In base 15, what is 3 + -206?
-203
In base 4, what is -2 + 2020?
2012
In base 6, what is -335 + -14?
-353
In base 12, what is -3 - -21b8?
21b5
In base 9, what is -2 + -175?
-177
In base 13, what is -21 - -2?
-1c
In base 15, what is -3 - -3a?
37
In base 10, what is -16 - -3?
-13
In base 14, what is -2 - 743?
-745
In base 13, what is 3 + -245?
-242
In base 12, what is -9 - -15?
8
In base 8, what is -107 - -1?
-106
In base 7, what is 13 - 3046?
-